culate the remainder when 5374 is divided by 1342.
6
Calculate the remainder when 99990 is divided by 232.
230
What is the remainder when 12924977 is divided by 726?
725
Calculate the remainder when 22848 is divided by 1043.
945
What is the remainder when 103030 is divided by 108?
106
What is the remainder when 28738 is divided by 60?
58
What is the remainder when 8517 is divided by 23?
7
What is the remainder when 79378 is divided by 26458?
4
Calculate the remainder when 150852 is divided by 218.
214
Calculate the remainder when 92680 is divided by 383.
377
What is the remainder when 2135679 is divided by 752?
751
Calculate the remainder when 4798 is divided by 386.
166
What is the remainder when 2636 is divided by 438?
8
Calculate the remainder when 875 is divided by 616.
259
What is the remainder when 52760 is divided by 36?
20
Calculate the remainder when 2035 is divided by 20.
15
What is the remainder when 167990 is divided by 27972?
158
What is the remainder when 10687 is divided by 91?
40
Calculate the remainder when 20906909 is divided by 135.
134
What is the remainder when 17893 is divided by 1491?
1
What is the remainder when 18907 is divided by 289?
122
What is the remainder when 22710 is divided by 758?
728
Calculate the remainder when 14735 is divided by 2454.
11
What is the remainder when 4882 is divided by 379?
334
What is the remainder when 309 is divided by 177?
132
Calculate the remainder when 2944 is divided by 1464.
16
Calculate the remainder when 63819 is divided by 1229.
1140
Calculate the remainder when 3366 is divided by 1658.
50
Calculate the remainder when 52452 is divided by 13.
10
What is the remainder when 1215 is divided by 436?
343
What is the remainder when 8882023 is divided by 61?
57
What is the remainder when 44273 is divided by 2766?
17
Calculate the remainder when 58269 is divided by 14555.
49
Calculate the remainder when 3811 is divided by 548.
523
Calculate the remainder when 25763 is divided by 12674.
415
What is the remainder when 23271 is divided by 802?
13
What is the remainder when 5510 is divided by 1167?
842
Calculate the remainder when 73059 is divided by 198.
195
What is the remainder when 133730 is divided by 141?
62
What is the remainder when 27911 is divided by 23?
12
What is the remainder when 3000 is divided by 957?
129
Calculate the remainder when 749 is divided by 109.
95
What is the remainder when 14783 is divided by 102?
95
Calculate the remainder when 33616 is divided by 410.
406
Calculate the remainder when 106075 is divided by 28.
11
Calculate the remainder when 335545 is divided by 21.
7
What is the remainder when 18362 is divided by 875?
862
What is the remainder when 57090 is divided by 37?
36
Calculate the remainder when 16270 is divided by 155.
150
What is the remainder when 45713 is divided by 1143?
1136
What is the remainder when 32567 is divided by 32556?
11
What is the remainder when 168559 is divided by 69?
61
Calculate the remainder when 574763 is divided by 844.
843
Calculate the remainder when 19358 is divided by 1010.
168
Calculate the remainder when 14125 is divided by 44.
1
Calculate the remainder when 20042 is divided by 20.
2
What is the remainder when 18892 is divided by 159?
130
Calculate the remainder when 614106 is divided by 22.
20
What is the remainder when 46141 is divided by 15359?
64
What is the remainder when 15328 is divided by 4689?
1261
Calculate the remainder when 13575 is divided by 2457.
1290
What is the remainder when 10298 is divided by 169?
158
What is the remainder when 47021 is divided by 57?
53
Calculate the remainder when 35403 is divided by 21.
18
What is the remainder when 2311 is divided by 1855?
456
Calculate the remainder when 274 is divided by 63.
22
Calculate the remainder when 18659 is divided by 9328.
3
What is the remainder when 14290 is divided by 3563?
38
Calculate the remainder when 33715 is divided by 11238.
1
What is the remainder when 588 is divided by 195?
3
What is the remainder when 91808 is divided by 212?
12
Calculate the remainder when 5883 is divided by 196.
3
Calculate the remainder when 42744 is divided by 438.
258
What is the remainder when 13170 is divided by 492?
378
What is the remainder when 302675 is divided by 44?
43
Calculate the remainder when 6212 is divided by 109.
108
What is the remainder when 94202 is divided by 21?
17
What is the remainder when 1845 is divided by 186?
171
Calculate the remainder when 3265 is divided by 13.
2
Calculate the remainder when 1326 is divided by 36.
30
Calculate the remainder when 102383 is divided by 324.
323
Calculate the remainder when 679961 is divided by 157.
151
What is the remainder when 33118 is divided by 23?
21
Calculate the remainder when 4527 is divided by 46.
19
Calculate the remainder when 44521 is divided by 226.
225
What is the remainder when 7984 is divided by 473?
416
Calculate the remainder when 55739 is divided by 30.
29
Calculate the remainder when 67552 is divided by 43.
42
What is the remainder when 1893 is divided by 809?
275
What is the remainder when 19279 is divided by 2109?
298
Calculate the remainder when 105242 is divided by 11.
5
Calculate the remainder when 67831 is divided by 346.
15
Calculate the remainder when 131400 is divided by 16420.
40
What is the remainder when 774 is divided by 76?
14
What is the remainder when 738699 is divided by 83?
82
What is the remainder when 4042 is divided by 1001?
38
What is the remainder when 193 is divided by 189?
4
What is the remainder when 86175 is divided by 28723?
6
What is the remainder when 53846 is divided by 30?
26
Calculate the remainder when 96557 is divided by 217.
209
What is the remainder when 1206098 is divided by 139?
134
What is the remainder when 1564499 is divided by 525?
524
What is the remainder when 8923 is divided by 1578?
1033
Calculate the remainder when 53930 is divided by 89.
85
Calculate the remainder when 29182 is divided by 1042.
6
Calculate the remainder when 18521 is divided by 351.
269
Calculate the remainder when 16782 is divided by 51.
3
What is the remainder when 40865 is divided by 138?
17
What is the remainder when 109029 is divided by 28?
25
Calculate the remainder when 679422 is divided by 226473.
3
What is the remainder when 12973 is divided by 13?
12
What is the remainder when 113843 is divided by 7115?
3
What is the remainder when 21370 is divided by 35?
20
Calculate the remainder when 2538 is divided by 48.
42
What is the remainder when 832 is divided by 204?
16
What is the remainder when 240481 is divided by 191?
12
Calculate the remainder when 6303 is divided by 83.
78
What is the remainder when 190484 is divided by 232?
12
What is the remainder when 233934 is divided by 561?
558
What is the remainder when 781466 is divided by 13?
10
Calculate the remainder when 171723 is divided by 684.
39
Calculate the remainder when 168247 is divided by 125.
122
What is the remainder when 12823 is divided by 183?
13
What is the remainder when 38451 is divided by 1098?
21
What is the remainder when 173873 is divided by 487?
14
Calculate the remainder when 9010519 is divided by 43.
41
What is the remainder when 1315846 is divided by 33?
4
What is the remainder when 10832 is divided by 21?
17
What is the remainder when 70753 is divided by 23548?
109
Calculate the remainder when 274454 is divided by 45.
44
What is the remainder when 1867 is divided by 391?
303
What is the remainder when 731 is divided by 142?
21
What is the remainder when 100983 is divided by 1086?
1071
What is the remainder when 8287 is divided by 1376?
31
Calculate the remainder when 608 is divided by 435.
173
What is the remainder when 22011 is divided by 10953?
105
Calculate the remainder when 31932 is divided by 31927.
5
What is the remainder when 59846 is divided by 15?
11
What is the remainder when 3358891 is divided by 1679439?
13
Calculate the remainder when 433 is divided by 370.
63
Calculate the remainder when 35290 is divided by 821.
808
Calculate the remainder when 33910 is divided by 95.
90
Calculate the remainder when 1791 is divided by 136.
23
Calculate the remainder when 684 is divided by 140.
124
What is the remainder when 600153 is divided by 45?
33
What is the remainder when 12551 is divided